{"id":8298,"date":"2026-03-24T17:28:10","date_gmt":"2026-03-24T16:28:10","guid":{"rendered":"https:\/\/www.le2bis.com\/?page_id=8298"},"modified":"2026-03-24T17:28:10","modified_gmt":"2026-03-24T16:28:10","slug":"dossiers-administratifs-permis-declaration","status":"publish","type":"page","link":"https:\/\/dev.le2bis.com\/wordpress\/dossiers-administratifs-permis-declaration\/","title":{"rendered":"Dossiers administratifs"},"content":{"rendered":"\n<p>Nous r\u00e9alisons l\u2019ensemble des dossiers administratifs n\u00e9cessaires \u00e0 la validation du projet : permis de construire, d\u00e9claration pr\u00e9alable, dossiers ERP, notices r\u00e9glementaires et \u00e9changes avec les services instructeurs. Notre accompagnement garantit des d\u00e9marches claires, compl\u00e8tes et parfaitement conformes aux exigences en vigueur.<\/p>\n\n\n\n<h2 class=\"wp-block-heading\">Des dossiers solides, un projet valid\u00e9 en confiance.<\/h2>\n\n\n\n<h3 class=\"wp-block-heading\">Permis de construire (PC)<\/h3>\n\n\n\n<ul class=\"wp-block-list\">\n<li>Plans conformes aux exigences r\u00e9glementaires<\/li>\n\n\n\n<li>Insertion paysag\u00e8re et visuels<\/li>\n\n\n\n<li>Notice descriptive compl\u00e8te<\/li>\n\n\n\n<li>D\u00e9p\u00f4t et suivi du dossier<\/li>\n<\/ul>\n\n\n\n<h3 class=\"wp-block-heading\">D\u00e9claration pr\u00e9alable (DP)<\/h3>\n\n\n\n<ul class=\"wp-block-list\">\n<li>Plans simplifi\u00e9s<\/li>\n\n\n\n<li>Analyse des contraintes du PLU<\/li>\n\n\n\n<li>Insertion et conformit\u00e9<\/li>\n\n\n\n<li>Suivi jusqu\u2019\u00e0 validation<\/li>\n<\/ul>\n\n\n\n<h3 class=\"wp-block-heading\">Dossiers ERP (PC39 et PC40)<\/h3>\n\n\n\n<ul class=\"wp-block-list\">\n<li>Notice de s\u00e9curit\u00e9 incendie<\/li>\n\n\n\n<li>Notice d\u2019accessibilit\u00e9 PMR<\/li>\n\n\n\n<li>Plans r\u00e9glementaires<\/li>\n\n\n\n<li>Pr\u00e9paration des commissions de s\u00e9curit\u00e9<\/li>\n<\/ul>\n\n\n\n<h2 class=\"wp-block-heading\">Pour aller plus loin sur les types de missions&#8230;<\/h2>\n\n\n\n<ul class=\"wp-block-list\">\n<li><a href=\"\/wordpress\/etude-faisabilite\">\u00c9tude &amp; faisabilit\u00e9<\/a><\/li>\n\n\n\n<li><a href=\"\/wordpress\/conception-architecturale\">Conception architecturale<\/a><\/li>\n\n\n\n<li><a href=\"\/wordpress\/dossiers-administratifs\">Dossiers administratifs<\/a><\/li>\n\n\n\n<li><a href=\"\/wordpress\/consultation-entreprises\">Consultation des entreprises<\/a><\/li>\n\n\n\n<li><a href=\"\/wordpress\/suivi-chantier-maitrise-oeuvre\">Suivi de chantier &amp; ma\u00eetrise d\u2019\u0153uvre<\/a><\/li>\n\n\n\n<li><a href=\"\/wordpress\/honoraires-architecte\">Honoraires &amp; modalit\u00e9s<\/a><\/li>\n<\/ul>\n\n\n\n<h2 class=\"wp-block-heading\">Entrer en contact<\/h2>\n\n\n\n<p>Discutons de votre projet de construction&#8230;<\/p>\n\n\n\n<div class=\"wp-block-buttons has-custom-font-size\" style=\"font-size:17px; display:flex; justify-content:center; flex-wrap:wrap; gap:1rem;\">\n\n    <div class=\"wp-block-button is-style-outline\">\n        <a class=\"wp-block-button__link wp-element-button\" href=\"mailto:contact@le2bis.com\">\n            Envoyer un mail\n        <\/a>\n    <\/div>\n\n    <div class=\"wp-block-button is-style-outline\">\n        <a class=\"wp-block-button__link wp-element-button\" href=\"tel:+33562190536\">\n            Appeler\n        <\/a>\n    <\/div>\n\n    <div class=\"wp-block-button is-style-outline\">\n        <a class=\"wp-block-button__link wp-element-button\" href=\"\/wordpress\/\">\n            Voir les projets\n        <\/a>\n    <\/div>\n\n<\/div>\n","protected":false},"excerpt":{"rendered":"<p>Nous r\u00e9alisons l\u2019ensemble des dossiers administratifs n\u00e9cessaires \u00e0 la validation du projet : permis de construire, d\u00e9claration pr\u00e9alable, dossiers ERP, notices r\u00e9glementaires et \u00e9changes avec les services instructeurs. Notre accompagnement garantit des d\u00e9marches claires, compl\u00e8tes et parfaitement conformes aux exigences en vigueur. Des dossiers solides, un projet valid\u00e9 en confiance. Permis de construire (PC) D\u00e9claration [&hellip;]<\/p>\n","protected":false},"author":1,"featured_media":0,"parent":0,"menu_order":0,"comment_status":"closed","ping_status":"closed","template":"","meta":{"tpgb_global_settings":"","footnotes":""},"class_list":["post-8298","page","type-page","status-publish","hentry"],"tpgb_featured_images":null,"tpgb_post_meta_info":{"get_date":"24 mars 2026","get_modified_date":"24 mars 2026","author_name":"le2bisdev","author_url":"https:\/\/dev.le2bis.com\/wordpress\/author\/le2bisdev\/","author_email":"simon.perrinlacour@gmail.com","author_website":"https:\/\/dev.le2bis.com\/wordpress","author_description":"","author_facebook":"","author_twitter":"","author_instagram":"","author_role":["administrator"],"author_firstname":"","author_lastname":"","user_login":"le2bisdev","author_avatar":"<img alt='' src='https:\/\/secure.gravatar.com\/avatar\/1001a3b87124c27d47dac2dcabcc852b75fbc9ab149938e114e99134b017bc6b?s=200&#038;d=mm&#038;r=g' srcset='https:\/\/secure.gravatar.com\/avatar\/1001a3b87124c27d47dac2dcabcc852b75fbc9ab149938e114e99134b017bc6b?s=400&#038;d=mm&#038;r=g 2x' class='avatar avatar-200 photo' height='200' width='200' loading='lazy' decoding='async'\/>","author_avatar_url":"https:\/\/secure.gravatar.com\/avatar\/1001a3b87124c27d47dac2dcabcc852b75fbc9ab149938e114e99134b017bc6b?s=96&d=mm&r=g","comment_count":0,"post_likes":0,"post_views":0},"tpgb_post_category":[],"_links":{"self":[{"href":"https:\/\/dev.le2bis.com\/wordpress\/wp-json\/wp\/v2\/pages\/8298","targetHints":{"allow":["GET"]}}],"collection":[{"href":"https:\/\/dev.le2bis.com\/wordpress\/wp-json\/wp\/v2\/pages"}],"about":[{"href":"https:\/\/dev.le2bis.com\/wordpress\/wp-json\/wp\/v2\/types\/page"}],"author":[{"embeddable":true,"href":"https:\/\/dev.le2bis.com\/wordpress\/wp-json\/wp\/v2\/users\/1"}],"replies":[{"embeddable":true,"href":"https:\/\/dev.le2bis.com\/wordpress\/wp-json\/wp\/v2\/comments?post=8298"}],"version-history":[{"count":0,"href":"https:\/\/dev.le2bis.com\/wordpress\/wp-json\/wp\/v2\/pages\/8298\/revisions"}],"wp:attachment":[{"href":"https:\/\/dev.le2bis.com\/wordpress\/wp-json\/wp\/v2\/media?parent=8298"}],"curies":[{"name":"wp","href":"https:\/\/api.w.org\/{rel}","templated":true}]}}