{"id":8301,"date":"2026-03-24T17:36:50","date_gmt":"2026-03-24T16:36:50","guid":{"rendered":"https:\/\/www.le2bis.com\/?page_id=8301"},"modified":"2026-03-24T17:36:50","modified_gmt":"2026-03-24T16:36:50","slug":"consultation-entreprises-assistance-aux-contrats-de-travaux","status":"publish","type":"page","link":"https:\/\/dev.le2bis.com\/wordpress\/consultation-entreprises-assistance-aux-contrats-de-travaux\/","title":{"rendered":"Consultation des entreprises"},"content":{"rendered":"\n<p>La consultation des entreprises permet d\u2019obtenir des devis fiables, comparables et parfaitement adapt\u00e9s au projet. Nous \u00e9laborons les pi\u00e8ces techniques, analysons les offres et accompagnons la s\u00e9lection des entreprises. Forts de plusieurs ann\u00e9es de pratique, nous mobilisons un r\u00e9seau d\u2019entreprises rigoureuses, r\u00e9actives et engag\u00e9es, capables de garantir une ex\u00e9cution solide et ma\u00eetris\u00e9e.<\/p>\n\n\n\n<h2 class=\"wp-block-heading\">Des devis clairs, des choix s\u00fbrs, un projet ma\u00eetris\u00e9.<\/h2>\n\n\n\n<h3 class=\"wp-block-heading\">Dossier de consultation (DCE)<\/h3>\n\n\n\n<ul class=\"wp-block-list\">\n<li>Plans techniques<\/li>\n\n\n\n<li>CCTP (Cahier des Clauses Techniques Particuli\u00e8res)<\/li>\n\n\n\n<li>Quantitatifs et estimations<\/li>\n\n\n\n<li>Planning pr\u00e9visionnel<\/li>\n<\/ul>\n\n\n\n<h2 class=\"wp-block-heading\">Mise en concurrence<\/h2>\n\n\n\n<ul class=\"wp-block-list\">\n<li>Envoi du dossier aux entreprises<\/li>\n\n\n\n<li>R\u00e9ponses aux questions techniques<\/li>\n\n\n\n<li>Analyse des devis<\/li>\n\n\n\n<li>Comparatif technique et financier<\/li>\n<\/ul>\n\n\n\n<h2 class=\"wp-block-heading\">Assistance au choix des entreprises et contrats de travaux (ACT)<\/h2>\n\n\n\n<ul class=\"wp-block-list\">\n<li>N\u00e9gociations et ajustements<\/li>\n\n\n\n<li>Recommandations<\/li>\n\n\n\n<li>Assistance \u00e0 la contractualisation<\/li>\n<\/ul>\n\n\n\n<h2 class=\"wp-block-heading\">Pour aller plus loin sur les types de missions&#8230;<\/h2>\n\n\n\n<ul class=\"wp-block-list\">\n<li><a href=\"\/wordpress\/etude-faisabilite\">\u00c9tude &amp; faisabilit\u00e9<\/a><\/li>\n\n\n\n<li><a href=\"\/wordpress\/conception-architecturale\">Conception architecturale<\/a><\/li>\n\n\n\n<li><a href=\"\/wordpress\/dossiers-administratifs\">Dossiers administratifs<\/a><\/li>\n\n\n\n<li><a href=\"\/wordpress\/consultation-entreprises\">Consultation des entreprises<\/a><\/li>\n\n\n\n<li><a href=\"\/wordpress\/suivi-chantier-maitrise-oeuvre\">Suivi de chantier &amp; ma\u00eetrise d\u2019\u0153uvre<\/a><\/li>\n\n\n\n<li><a href=\"\/wordpress\/honoraires-architecte\">Honoraires &amp; modalit\u00e9s<\/a><\/li>\n<\/ul>\n\n\n\n<h2 class=\"wp-block-heading\">Entrer en contact<\/h2>\n\n\n\n<p>Discutons de votre projet de construction&#8230;<\/p>\n\n\n\n<div class=\"wp-block-buttons has-custom-font-size\" style=\"font-size:17px; display:flex; justify-content:center; flex-wrap:wrap; gap:1rem;\">\n\n    <div class=\"wp-block-button is-style-outline\">\n        <a class=\"wp-block-button__link wp-element-button\" href=\"mailto:contact@le2bis.com\">\n            Envoyer un mail\n        <\/a>\n    <\/div>\n\n    <div class=\"wp-block-button is-style-outline\">\n        <a class=\"wp-block-button__link wp-element-button\" href=\"tel:+33562190536\">\n            Appeler\n        <\/a>\n    <\/div>\n\n    <div class=\"wp-block-button is-style-outline\">\n        <a class=\"wp-block-button__link wp-element-button\" href=\"\/wordpress\/\">\n            Voir les projets\n        <\/a>\n    <\/div>\n\n<\/div>\n","protected":false},"excerpt":{"rendered":"<p>La consultation des entreprises permet d\u2019obtenir des devis fiables, comparables et parfaitement adapt\u00e9s au projet. Nous \u00e9laborons les pi\u00e8ces techniques, analysons les offres et accompagnons la s\u00e9lection des entreprises. Forts de plusieurs ann\u00e9es de pratique, nous mobilisons un r\u00e9seau d\u2019entreprises rigoureuses, r\u00e9actives et engag\u00e9es, capables de garantir une ex\u00e9cution solide et ma\u00eetris\u00e9e. Des devis clairs, [&hellip;]<\/p>\n","protected":false},"author":1,"featured_media":0,"parent":0,"menu_order":0,"comment_status":"closed","ping_status":"closed","template":"","meta":{"tpgb_global_settings":"","footnotes":""},"class_list":["post-8301","page","type-page","status-publish","hentry"],"tpgb_featured_images":null,"tpgb_post_meta_info":{"get_date":"24 mars 2026","get_modified_date":"24 mars 2026","author_name":"le2bisdev","author_url":"https:\/\/dev.le2bis.com\/wordpress\/author\/le2bisdev\/","author_email":"simon.perrinlacour@gmail.com","author_website":"https:\/\/dev.le2bis.com\/wordpress","author_description":"","author_facebook":"","author_twitter":"","author_instagram":"","author_role":["administrator"],"author_firstname":"","author_lastname":"","user_login":"le2bisdev","author_avatar":"<img alt='' src='https:\/\/secure.gravatar.com\/avatar\/1001a3b87124c27d47dac2dcabcc852b75fbc9ab149938e114e99134b017bc6b?s=200&#038;d=mm&#038;r=g' srcset='https:\/\/secure.gravatar.com\/avatar\/1001a3b87124c27d47dac2dcabcc852b75fbc9ab149938e114e99134b017bc6b?s=400&#038;d=mm&#038;r=g 2x' class='avatar avatar-200 photo' height='200' width='200' loading='lazy' decoding='async'\/>","author_avatar_url":"https:\/\/secure.gravatar.com\/avatar\/1001a3b87124c27d47dac2dcabcc852b75fbc9ab149938e114e99134b017bc6b?s=96&d=mm&r=g","comment_count":0,"post_likes":0,"post_views":0},"tpgb_post_category":[],"_links":{"self":[{"href":"https:\/\/dev.le2bis.com\/wordpress\/wp-json\/wp\/v2\/pages\/8301","targetHints":{"allow":["GET"]}}],"collection":[{"href":"https:\/\/dev.le2bis.com\/wordpress\/wp-json\/wp\/v2\/pages"}],"about":[{"href":"https:\/\/dev.le2bis.com\/wordpress\/wp-json\/wp\/v2\/types\/page"}],"author":[{"embeddable":true,"href":"https:\/\/dev.le2bis.com\/wordpress\/wp-json\/wp\/v2\/users\/1"}],"replies":[{"embeddable":true,"href":"https:\/\/dev.le2bis.com\/wordpress\/wp-json\/wp\/v2\/comments?post=8301"}],"version-history":[{"count":0,"href":"https:\/\/dev.le2bis.com\/wordpress\/wp-json\/wp\/v2\/pages\/8301\/revisions"}],"wp:attachment":[{"href":"https:\/\/dev.le2bis.com\/wordpress\/wp-json\/wp\/v2\/media?parent=8301"}],"curies":[{"name":"wp","href":"https:\/\/api.w.org\/{rel}","templated":true}]}}