{"id":8342,"date":"2026-03-26T09:35:08","date_gmt":"2026-03-26T08:35:08","guid":{"rendered":"https:\/\/www.le2bis.com\/?page_id=8342"},"modified":"2026-03-26T09:35:08","modified_gmt":"2026-03-26T08:35:08","slug":"rehabilitation-bati-ancien","status":"publish","type":"page","link":"https:\/\/dev.le2bis.com\/wordpress\/rehabilitation-bati-ancien\/","title":{"rendered":"R\u00e9habilitation du b\u00e2ti ancien"},"content":{"rendered":"\n<p>La r\u00e9habilitation du b\u00e2ti ancien n\u00e9cessite une compr\u00e9hension fine des mat\u00e9riaux traditionnels, des pathologies du b\u00e2timent et des techniques constructives d\u2019\u00e9poque. Notre expertise en patrimoine architectural nous permet d\u2019\u00e9tablir un diagnostic pr\u00e9cis, d\u2019anticiper les contraintes et de proposer des solutions fiables, durables et parfaitement adapt\u00e9es \u00e0 la singularit\u00e9 de chaque \u00e9difice.<\/p>\n\n\n\n<h2 class=\"wp-block-heading\">Nos interventions<\/h2>\n\n\n\n<ul class=\"wp-block-list\">\n<li>Diagnostic structurel et analyse des pathologies<\/li>\n\n\n\n<li>Mise aux normes (s\u00e9curit\u00e9, accessibilit\u00e9, thermique)<\/li>\n\n\n\n<li>Conservation et restauration des \u00e9l\u00e9ments remarquables<\/li>\n\n\n\n<li>Adaptation du b\u00e2timent aux usages contemporains<\/li>\n\n\n\n<li>Choix de mat\u00e9riaux compatibles et durables<\/li>\n<\/ul>\n\n\n\n<p>Notre approche vise \u00e0 pr\u00e9server l\u2019\u00e2me du b\u00e2timent tout en am\u00e9liorant son confort, sa s\u00e9curit\u00e9 et sa performance \u00e9nerg\u00e9tique.<\/p>\n\n\n\n<h2 class=\"wp-block-heading\">Pour aller plus loin sur la r\u00e9habilitation&#8230;<\/h2>\n\n\n\n<ul class=\"wp-block-list\">\n<li><a href=\"\/wordpress\/patrimoine-rehabilitation\/\">Patrimoine &amp; r\u00e9habilitation<\/a><\/li>\n\n\n\n<li><a href=\"\/wordpress\/rehabilitation-bati-ancien\/\">B\u00e2ti ancien<\/a><\/li>\n\n\n\n<li><a href=\"\/wordpress\/renovation-maisons-toulousaines\/\">Maisons toulousaines<\/a><\/li>\n\n\n\n<li><a href=\"\/wordpress\/accompagnement-abf\/\">Accompagnement ABF<\/a><\/li>\n\n\n\n<li><a href=\"\/wordpress\/coproprietes-ravalement-optimisation-energetique\/\">Copropri\u00e9t\u00e9s &amp; ravalement<\/a><\/li>\n\n\n\n<li><a href=\"\/wordpress\/rehabilitation-immeubles-anciens\/\">Immeubles anciens<\/a><\/li>\n<\/ul>\n\n\n\n<h2 class=\"wp-block-heading\">Entrer en contact<\/h2>\n\n\n\n<p>Discutons de votre projet de construction&#8230;<\/p>\n\n\n\n<div class=\"wp-block-buttons has-custom-font-size\" style=\"font-size:17px; display:flex; justify-content:center; flex-wrap:wrap; gap:1rem;\">\n\n    <div class=\"wp-block-button is-style-outline\">\n        <a class=\"wp-block-button__link wp-element-button\" href=\"mailto:contact@le2bis.com\">\n            Envoyer un mail\n        <\/a>\n    <\/div>\n\n    <div class=\"wp-block-button is-style-outline\">\n        <a class=\"wp-block-button__link wp-element-button\" href=\"tel:+33562190536\">\n            Appeler\n        <\/a>\n    <\/div>\n\n    <div class=\"wp-block-button is-style-outline\">\n        <a class=\"wp-block-button__link wp-element-button\" href=\"\/wordpress\/\">\n            Voir les projets\n        <\/a>\n    <\/div>\n\n<\/div>\n","protected":false},"excerpt":{"rendered":"<p>La r\u00e9habilitation du b\u00e2ti ancien n\u00e9cessite une compr\u00e9hension fine des mat\u00e9riaux traditionnels, des pathologies du b\u00e2timent et des techniques constructives d\u2019\u00e9poque. Notre expertise en patrimoine architectural nous permet d\u2019\u00e9tablir un diagnostic pr\u00e9cis, d\u2019anticiper les contraintes et de proposer des solutions fiables, durables et parfaitement adapt\u00e9es \u00e0 la singularit\u00e9 de chaque \u00e9difice. Nos interventions Notre approche [&hellip;]<\/p>\n","protected":false},"author":1,"featured_media":0,"parent":0,"menu_order":0,"comment_status":"closed","ping_status":"closed","template":"","meta":{"tpgb_global_settings":"","footnotes":""},"class_list":["post-8342","page","type-page","status-publish","hentry"],"tpgb_featured_images":null,"tpgb_post_meta_info":{"get_date":"26 mars 2026","get_modified_date":"26 mars 2026","author_name":"le2bisdev","author_url":"https:\/\/dev.le2bis.com\/wordpress\/author\/le2bisdev\/","author_email":"simon.perrinlacour@gmail.com","author_website":"https:\/\/dev.le2bis.com\/wordpress","author_description":"","author_facebook":"","author_twitter":"","author_instagram":"","author_role":["administrator"],"author_firstname":"","author_lastname":"","user_login":"le2bisdev","author_avatar":"<img alt='' src='https:\/\/secure.gravatar.com\/avatar\/1001a3b87124c27d47dac2dcabcc852b75fbc9ab149938e114e99134b017bc6b?s=200&#038;d=mm&#038;r=g' srcset='https:\/\/secure.gravatar.com\/avatar\/1001a3b87124c27d47dac2dcabcc852b75fbc9ab149938e114e99134b017bc6b?s=400&#038;d=mm&#038;r=g 2x' class='avatar avatar-200 photo' height='200' width='200' loading='lazy' decoding='async'\/>","author_avatar_url":"https:\/\/secure.gravatar.com\/avatar\/1001a3b87124c27d47dac2dcabcc852b75fbc9ab149938e114e99134b017bc6b?s=96&d=mm&r=g","comment_count":0,"post_likes":0,"post_views":0},"tpgb_post_category":[],"_links":{"self":[{"href":"https:\/\/dev.le2bis.com\/wordpress\/wp-json\/wp\/v2\/pages\/8342","targetHints":{"allow":["GET"]}}],"collection":[{"href":"https:\/\/dev.le2bis.com\/wordpress\/wp-json\/wp\/v2\/pages"}],"about":[{"href":"https:\/\/dev.le2bis.com\/wordpress\/wp-json\/wp\/v2\/types\/page"}],"author":[{"embeddable":true,"href":"https:\/\/dev.le2bis.com\/wordpress\/wp-json\/wp\/v2\/users\/1"}],"replies":[{"embeddable":true,"href":"https:\/\/dev.le2bis.com\/wordpress\/wp-json\/wp\/v2\/comments?post=8342"}],"version-history":[{"count":0,"href":"https:\/\/dev.le2bis.com\/wordpress\/wp-json\/wp\/v2\/pages\/8342\/revisions"}],"wp:attachment":[{"href":"https:\/\/dev.le2bis.com\/wordpress\/wp-json\/wp\/v2\/media?parent=8342"}],"curies":[{"name":"wp","href":"https:\/\/api.w.org\/{rel}","templated":true}]}}